{"id":3658,"date":"2018-11-06T16:55:44","date_gmt":"2018-11-06T16:55:44","guid":{"rendered":"https:\/\/barberry.temash.dev\/furnituredemo\/?page_id=3658"},"modified":"2018-11-06T16:55:44","modified_gmt":"2018-11-06T16:55:44","slug":"home","status":"publish","type":"page","link":"https:\/\/gizagears.com\/?page_id=3658","title":{"rendered":"Home Modern"},"content":{"rendered":"<div class=\"wpb-content-wrapper\"><p>[vc_row][vc_column][rev_slider_vc alias=&#8221;product-showcase&#8221;][vc_empty_space][\/vc_column][\/vc_row][vc_row][vc_column css_animation=&#8221;none&#8221;]<div class=\"woocommerce columns-4\"><\/div>[vc_empty_space height=&#8221;40px&#8221;][\/vc_column][\/vc_row][vc_row][vc_column css_animation=&#8221;none&#8221;][vc_custom_heading text=&#8221;Featured Products&#8221; font_container=&#8221;tag:h3|text_align:center&#8221; use_theme_fonts=&#8221;yes&#8221; css_animation=&#8221;none&#8221; css=&#8221;.vc_custom_1540710096501{margin-bottom: 0px !important;}&#8221;][vc_column_text css_animation=&#8221;none&#8221;]<\/p>\n<p style=\"text-align: center;\"><span style=\"color: #666666;\">Featured pharetra est nec ligula efficitur condimentum<\/span><\/p>\n<p>[\/vc_column_text][vc_empty_space height=&#8221;20px&#8221;]<div class=\"woocommerce columns-4 \"><\/div>[\/vc_column][\/vc_row][vc_row full_width=&#8221;stretch_row&#8221; full_height=&#8221;yes&#8221; columns_placement=&#8221;top&#8221; content_placement=&#8221;top&#8221; parallax=&#8221;content-moving&#8221; parallax_image=&#8221;3719&#8243; parallax_speed_bg=&#8221;1.2&#8243; css_animation=&#8221;none&#8221;][vc_column offset=&#8221;vc_col-lg-3 vc_col-md-2&#8243;][\/vc_column][vc_column css=&#8221;.vc_custom_1540656938917{padding-right: 45px !important;padding-left: 45px !important;}&#8221; offset=&#8221;vc_col-lg-6 vc_col-md-8&#8243;][vc_row_inner][vc_column_inner][vc_column_text]<\/p>\n<h2 class=\"p1\" style=\"text-align: center;\">It\u2019s all New,<br \/>\nIt all arrived this week<\/h2>\n<p style=\"text-align: center;\"><span style=\"color: #000000;\">Furniture axe heirloom ethical man bun sustainable. Pickled normcore selvage, bespoke four dollar toast neutra chartreuse vinyl.<\/span><\/p>\n<p>[\/vc_column_text]<style>body:not(.is-mobile) .b-button-313986483 a.button:hover {border-color: #000000;color: #000000;}<\/style><div class=\"barberry-button-container b-button_center b-button-313986483\"><a href=\"\" class=\"b-button_normal button\" target=\"\" rel=\"\" title=\"\" style=\"background-color:#000000;border-color:#000000\">Discover Our Shop<\/a><\/div>\r\n    \r\n    \r\n    [\/vc_column_inner][\/vc_row_inner][vc_row_inner][vc_column_inner offset=&#8221;vc_hidden-md vc_hidden-sm vc_hidden-xs&#8221;][vc_empty_space height=&#8221;600&#8243;][\/vc_column_inner][\/vc_row_inner][vc_row_inner][vc_column_inner offset=&#8221;vc_hidden-lg&#8221;][vc_empty_space height=&#8221;600&#8243;][\/vc_column_inner][\/vc_row_inner][\/vc_column][vc_column offset=&#8221;vc_col-lg-3 vc_col-md-2&#8243;][\/vc_column][\/vc_row][vc_row css_animation=&#8221;fadeIn&#8221;][vc_column css_animation=&#8221;none&#8221;][vc_empty_space height=&#8221;60px&#8221;][vc_custom_heading text=&#8221;Recent Products&#8221; font_container=&#8221;tag:h3|text_align:center&#8221; use_theme_fonts=&#8221;yes&#8221; css_animation=&#8221;none&#8221; css=&#8221;.vc_custom_1540454035198{margin-bottom: 0px !important;}&#8221;][vc_column_text css_animation=&#8221;none&#8221;]<\/p>\n<p style=\"text-align: center;\"><span style=\"color: #666666;\">Recent posuere neque eu lectus ultrices<\/span><\/p>\n<p>[\/vc_column_text][vc_empty_space height=&#8221;20px&#8221;]<div class=\"woocommerce columns-4 \"><div class=\"grid-container\">\n\t<div class=\"grid-x grid-margin-x\">\n\t\t<div class=\"cell large-12\">\n\t\t\t<ul class=\"products columns-4 category-grid-layout-2 product-grid-layout-2 \">\n\n<li class=\"product type-product post-3957 status-publish first instock product_cat-bathroom product_tag-bathroom product_tag-bathtub has-post-thumbnail shipping-taxable product-type-simple\">\n\t<a href=\"https:\/\/gizagears.com\/?product=demo-mouse-pink-kopya-2\" class=\"woocommerce-LoopProduct-link woocommerce-loop-product__link\">\n\t<div class=\"product-inner\">\n\n\n\t\t<div class=\"product-image\">\n\t\t\t<img loading=\"lazy\" decoding=\"async\" width=\"400\" height=\"480\" src=\"https:\/\/gizagears.com\/wp-content\/uploads\/2025\/06\/valaitis-table-img-01-400x480.jpg\" class=\"attachment-woocommerce_thumbnail size-woocommerce_thumbnail\" alt=\"Demo-Mouse-Pink (Kopya)\" \/>\t\t<\/div>\n\n\t\t<div class=\"product-details-wrapper\">\n\n\t\t\t<div class=\"product-details\">\n\n\n\t\t\t\t<h2 class=\"woocommerce-loop-product__title\">Demo-Mouse-Pink (Kopya)<\/h2>\n<\/a><a href=\"https:\/\/gizagears.com\/?product=demo-mouse-pink-kopya-2\" data-quantity=\"1\" class=\"button product_type_simple barberry_addtocart_button button\" data-product_id=\"3957\" data-product_sku=\"\" aria-label=\"&ldquo;Demo-Mouse-Pink (Kopya)&rdquo; hakk\u0131nda daha fazla bilgi edinin\" rel=\"nofollow\" data-success_message=\"\"><span class=\"tooltip\">Devam\u0131n\u0131 oku<\/span>Devam\u0131n\u0131 oku<\/a>\n\t\t\t<\/div>\n\n\t\t<\/div>\n\n\t<\/div>\n\n<\/li>\n\n<li class=\"product type-product post-3954 status-publish outofstock product_cat-bathroom product_tag-bathroom product_tag-bathtub has-post-thumbnail shipping-taxable product-type-variable\">\n\t<a href=\"https:\/\/gizagears.com\/?product=demo-mouse-black\" class=\"woocommerce-LoopProduct-link woocommerce-loop-product__link\">\n\t<div class=\"product-inner\">\n\n\n\t\t<div class=\"product-image\">\n\t\t\t<div class=\"product-labels labels-bordered\"><span class=\"out-of-stock product-label\">Sold out<\/span><\/div><img loading=\"lazy\" decoding=\"async\" width=\"400\" height=\"480\" src=\"https:\/\/gizagears.com\/wp-content\/uploads\/2018\/10\/slide-2-phones-400x480.png\" class=\"attachment-woocommerce_thumbnail size-woocommerce_thumbnail\" alt=\"Demo-Mouse-Black\" \/>\t\t<\/div>\n\n\t\t<div class=\"product-details-wrapper\">\n\n\t\t\t<div class=\"product-details\">\n\n\n\t\t\t\t<h2 class=\"woocommerce-loop-product__title\">Demo-Mouse-Black<\/h2>\n<\/a><a href=\"https:\/\/gizagears.com\/?product=demo-mouse-black\" data-quantity=\"1\" class=\"button product_type_variable barberry_addtocart_button button\" data-product_id=\"3954\" data-product_sku=\"\" aria-label=\"&ldquo;Demo-Mouse-Black&rdquo; i\u00e7in se\u00e7enekleri se\u00e7in\" rel=\"nofollow\"><span class=\"tooltip\">Devam\u0131n\u0131 oku<\/span>Devam\u0131n\u0131 oku<\/a>\n\t\t\t<\/div>\n\n\t\t<\/div>\n\n\t<\/div>\n\n<\/li>\n\n<li class=\"product type-product post-3953 status-publish outofstock product_cat-bathroom product_tag-bathroom product_tag-bathtub has-post-thumbnail shipping-taxable product-type-variable\">\n\t<a href=\"https:\/\/gizagears.com\/?product=demo-mouse-red\" class=\"woocommerce-LoopProduct-link woocommerce-loop-product__link\">\n\t<div class=\"product-inner\">\n\n\n\t\t<div class=\"product-image\">\n\t\t\t<div class=\"product-labels labels-bordered\"><span class=\"out-of-stock product-label\">Sold out<\/span><\/div><img loading=\"lazy\" decoding=\"async\" width=\"400\" height=\"480\" src=\"https:\/\/gizagears.com\/wp-content\/uploads\/2018\/08\/Mouse-Demo-Red-400x480.jpg\" class=\"attachment-woocommerce_thumbnail size-woocommerce_thumbnail\" alt=\"Demo-Mouse-Red\" \/>\t\t<\/div>\n\n\t\t<div class=\"product-details-wrapper\">\n\n\t\t\t<div class=\"product-details\">\n\n\n\t\t\t\t<h2 class=\"woocommerce-loop-product__title\">Demo-Mouse-Red<\/h2>\n<\/a><a href=\"https:\/\/gizagears.com\/?product=demo-mouse-red\" data-quantity=\"1\" class=\"button product_type_variable barberry_addtocart_button button\" data-product_id=\"3953\" data-product_sku=\"\" aria-label=\"&ldquo;Demo-Mouse-Red&rdquo; i\u00e7in se\u00e7enekleri se\u00e7in\" rel=\"nofollow\"><span class=\"tooltip\">Devam\u0131n\u0131 oku<\/span>Devam\u0131n\u0131 oku<\/a>\n\t\t\t<\/div>\n\n\t\t<\/div>\n\n\t<\/div>\n\n<\/li>\n\n<li class=\"product type-product post-3952 status-publish last outofstock product_cat-bathroom product_tag-bathroom product_tag-bathtub has-post-thumbnail shipping-taxable product-type-variable\">\n\t<a href=\"https:\/\/gizagears.com\/?product=demo-mouse-pink-kopya\" class=\"woocommerce-LoopProduct-link woocommerce-loop-product__link\">\n\t<div class=\"product-inner\">\n\n\n\t\t<div class=\"product-image\">\n\t\t\t<div class=\"product-labels labels-bordered\"><span class=\"out-of-stock product-label\">Sold out<\/span><\/div><img loading=\"lazy\" decoding=\"async\" width=\"400\" height=\"480\" src=\"https:\/\/gizagears.com\/wp-content\/uploads\/2018\/08\/Mouse-Demo-White-400x480.jpg\" class=\"attachment-woocommerce_thumbnail size-woocommerce_thumbnail\" alt=\"Demo-Mouse-White\" \/>\t\t<\/div>\n\n\t\t<div class=\"product-details-wrapper\">\n\n\t\t\t<div class=\"product-details\">\n\n\n\t\t\t\t<h2 class=\"woocommerce-loop-product__title\">Demo-Mouse-White<\/h2>\n<\/a><a href=\"https:\/\/gizagears.com\/?product=demo-mouse-pink-kopya\" data-quantity=\"1\" class=\"button product_type_variable barberry_addtocart_button button\" data-product_id=\"3952\" data-product_sku=\"\" aria-label=\"&ldquo;Demo-Mouse-White&rdquo; i\u00e7in se\u00e7enekleri se\u00e7in\" rel=\"nofollow\"><span class=\"tooltip\">Devam\u0131n\u0131 oku<\/span>Devam\u0131n\u0131 oku<\/a>\n\t\t\t<\/div>\n\n\t\t<\/div>\n\n\t<\/div>\n\n<\/li>\n\n<li class=\"product type-product post-2574 status-publish first outofstock product_cat-bathroom product_tag-bathroom product_tag-bathtub has-post-thumbnail shipping-taxable purchasable product-type-variable\">\n\t<a href=\"https:\/\/gizagears.com\/?product=ullam-basin-mixer\" class=\"woocommerce-LoopProduct-link woocommerce-loop-product__link\">\n\t<div class=\"product-inner\">\n\n\n\t\t<div class=\"product-image\">\n\t\t\t<div class=\"product-labels labels-bordered\"><span class=\"out-of-stock product-label\">Sold out<\/span><\/div><img loading=\"lazy\" decoding=\"async\" width=\"400\" height=\"480\" src=\"https:\/\/gizagears.com\/wp-content\/uploads\/2018\/08\/a0ac048eb0cf479439f14abd561a5f2c.png-400x480.webp\" class=\"attachment-woocommerce_thumbnail size-woocommerce_thumbnail\" alt=\"Demo-Mouse-Pink\" \/>\t\t<\/div>\n\n\t\t<div class=\"product-details-wrapper\">\n\n\t\t\t<div class=\"product-details\">\n\n\n\t\t\t\t<h2 class=\"woocommerce-loop-product__title\">Demo-Mouse-Pink<\/h2>\n<\/a><a href=\"https:\/\/gizagears.com\/?product=ullam-basin-mixer\" data-quantity=\"1\" class=\"button product_type_variable barberry_addtocart_button button\" data-product_id=\"2574\" data-product_sku=\"\" aria-label=\"&ldquo;Demo-Mouse-Pink&rdquo; i\u00e7in se\u00e7enekleri se\u00e7in\" rel=\"nofollow\"><span class=\"tooltip\">Se\u00e7enekler<\/span>Se\u00e7enekler<\/a>\n\t\t\t<\/div>\n\n\t\t<\/div>\n\n\t<\/div>\n\n<\/li>\n\t\t\t<\/ul>\n\t\t<\/div><!-- .cell -->\n    <\/div><!-- .grid-x -->\n<\/div><!-- .grid-container --><\/div>[\/vc_column][\/vc_row][vc_row css_animation=&#8221;fadeIn&#8221;][vc_column css_animation=&#8221;none&#8221;][vc_empty_space height=&#8221;60px&#8221;][vc_custom_heading text=&#8221;Latest News&#8221; font_container=&#8221;tag:h3|text_align:center&#8221; use_theme_fonts=&#8221;yes&#8221; css_animation=&#8221;none&#8221; css=&#8221;.vc_custom_1540635401298{margin-bottom: 0px !important;}&#8221;][vc_column_text css_animation=&#8221;none&#8221;]<\/p>\n<p style=\"text-align: center;\"><span style=\"color: #666666;\">News posuere augue, vitae condimentum sapien dignissim<\/span><\/p>\n<p>[\/vc_column_text][vc_empty_space height=&#8221;20px&#8221;] \r\n    \r\n\t<div class=\"related_post_container related_posts_section\">\r\n\t\t\t\t\t\r\n\r\n\t\t\t<div class=\"single_related_posts\">\r\n\t\t\t\t<div class=\"grid-x grid-margin-x\">\r\n\t\t\t\t\t\r\n\t\t\t\t\r\n\t                \r\n\t                \t            \r\n\t\t\t\t\t<article class=\"small-12 medium-6 large-3 related-post cell has-post-thumbnail\">\r\n\r\n\t\t\t\t\t\t\t\t\t\t\t\t\t<div class=\"entry-thumbnail\">\r\n\t\t\t\t\t\t\t\t<div class=\"entry-meta\">\r\n\t\t\t\t\t\t\t\t\t<time class=\"entry-date published\" datetime=\"2018-10-22T15:22:30+00:00\"><span>Ekim 22, 2018<\/span><\/time>\t\t\t\t\t\t\t\t<\/div>\r\n\t\t\t\t\t\t\t\t<a class=\"related_post_image\" href=\"https:\/\/gizagears.com\/?p=3238\">\r\n\t\t\t\t\t\t\t\t\t\t\t\t\t\t\t\t\t\t\t<div class=\"image-holder prllx\" data-prllx=\"35\">\r\n\t\t\t\t\t\t\t\t\t\t\t\t\t\t\t\t\t\t\t<img loading=\"lazy\" decoding=\"async\" width=\"1024\" height=\"640\" src=\"https:\/\/gizagears.com\/wp-content\/uploads\/2018\/10\/blog-img01.jpg\" class=\"attachment-large size-large wp-post-image\" alt=\"\" \/>\t\t\t\t\t\t\t\t\t<\/div>\r\n\t\t\t\t\t\t\t\t\t<img loading=\"lazy\" decoding=\"async\" width=\"150\" height=\"94\" src=\"https:\/\/gizagears.com\/wp-content\/uploads\/2018\/10\/blog-img01.jpg\" class=\"attachment-thumbnail size-thumbnail wp-post-image\" alt=\"\" \/>\t\t\t\t\t\t\t\t<\/a>\r\n\t\t\t\t\t\t\t\t\r\n\t\t\t\t\t\t\t<\/div>\r\n\t\t\t\t\t\t\r\n\t\t\t\t\t\t<div class=\"related_post_content\">\r\n\t\t\t\t\t\t\t<div class=\"entry-meta\"><time class=\"entry-date published\" datetime=\"2018-10-22T15:22:30+00:00\"><span>Ekim 22, 2018<\/span><\/time><\/div>\r\n\t\t\t\t\t\t\t<h2 class=\"related_post_title\"><a href=\"https:\/\/gizagears.com\/?p=3238\">Classics from yesterday and tomorrow now together<\/a><\/h2>\r\n\t\t\t\t\t\t<\/div>\r\n\t\t\t\t\t\t\r\n\t\t\t\t\t<\/article>\r\n\r\n\t                \r\n\t                \t            \r\n\t\t\t\t\t<article class=\"small-12 medium-6 large-3 related-post cell has-post-thumbnail\">\r\n\r\n\t\t\t\t\t\t\t\t\t\t\t\t\t<div class=\"entry-thumbnail\">\r\n\t\t\t\t\t\t\t\t<div class=\"entry-meta\">\r\n\t\t\t\t\t\t\t\t\t<time class=\"entry-date published\" datetime=\"2018-10-20T14:10:12+00:00\"><span>Ekim 20, 2018<\/span><\/time>\t\t\t\t\t\t\t\t<\/div>\r\n\t\t\t\t\t\t\t\t<a class=\"related_post_image\" href=\"https:\/\/gizagears.com\/?p=3205\">\r\n\t\t\t\t\t\t\t\t\t\t\t\t\t\t\t\t\t\t\t<div class=\"image-holder prllx\" data-prllx=\"35\">\r\n\t\t\t\t\t\t\t\t\t\t\t\t\t\t\t\t\t\t\t<img loading=\"lazy\" decoding=\"async\" width=\"1024\" height=\"640\" src=\"https:\/\/gizagears.com\/wp-content\/uploads\/2018\/10\/blog-img04.jpg\" class=\"attachment-large size-large wp-post-image\" alt=\"\" \/>\t\t\t\t\t\t\t\t\t<\/div>\r\n\t\t\t\t\t\t\t\t\t<img loading=\"lazy\" decoding=\"async\" width=\"150\" height=\"94\" src=\"https:\/\/gizagears.com\/wp-content\/uploads\/2018\/10\/blog-img04.jpg\" class=\"attachment-thumbnail size-thumbnail wp-post-image\" alt=\"\" \/>\t\t\t\t\t\t\t\t<\/a>\r\n\t\t\t\t\t\t\t\t\r\n\t\t\t\t\t\t\t<\/div>\r\n\t\t\t\t\t\t\r\n\t\t\t\t\t\t<div class=\"related_post_content\">\r\n\t\t\t\t\t\t\t<div class=\"entry-meta\"><time class=\"entry-date published\" datetime=\"2018-10-20T14:10:12+00:00\"><span>Ekim 20, 2018<\/span><\/time><\/div>\r\n\t\t\t\t\t\t\t<h2 class=\"related_post_title\"><a href=\"https:\/\/gizagears.com\/?p=3205\">Kitchen inspired on ancient Japanese tradition<\/a><\/h2>\r\n\t\t\t\t\t\t<\/div>\r\n\t\t\t\t\t\t\r\n\t\t\t\t\t<\/article>\r\n\r\n\t                \r\n\t                \t            \r\n\t\t\t\t\t<article class=\"small-12 medium-6 large-3 related-post cell has-post-thumbnail\">\r\n\r\n\t\t\t\t\t\t\t\t\t\t\t\t\t<div class=\"entry-thumbnail\">\r\n\t\t\t\t\t\t\t\t<div class=\"entry-meta\">\r\n\t\t\t\t\t\t\t\t\t<time class=\"entry-date published\" datetime=\"2018-09-14T15:10:57+00:00\"><span>Eyl\u00fcl 14, 2018<\/span><\/time>\t\t\t\t\t\t\t\t<\/div>\r\n\t\t\t\t\t\t\t\t<a class=\"related_post_image\" href=\"https:\/\/gizagears.com\/?p=3229\">\r\n\t\t\t\t\t\t\t\t\t\t\t\t\t\t\t\t\t\t\t<div class=\"image-holder prllx\" data-prllx=\"35\">\r\n\t\t\t\t\t\t\t\t\t\t\t\t\t\t\t\t\t\t\t<img loading=\"lazy\" decoding=\"async\" width=\"1024\" height=\"640\" src=\"https:\/\/gizagears.com\/wp-content\/uploads\/2018\/10\/blog-img03.jpg\" class=\"attachment-large size-large wp-post-image\" alt=\"\" \/>\t\t\t\t\t\t\t\t\t<\/div>\r\n\t\t\t\t\t\t\t\t\t<img loading=\"lazy\" decoding=\"async\" width=\"150\" height=\"94\" src=\"https:\/\/gizagears.com\/wp-content\/uploads\/2018\/10\/blog-img03.jpg\" class=\"attachment-thumbnail size-thumbnail wp-post-image\" alt=\"\" \/>\t\t\t\t\t\t\t\t<\/a>\r\n\t\t\t\t\t\t\t\t\r\n\t\t\t\t\t\t\t<\/div>\r\n\t\t\t\t\t\t\r\n\t\t\t\t\t\t<div class=\"related_post_content\">\r\n\t\t\t\t\t\t\t<div class=\"entry-meta\"><time class=\"entry-date published\" datetime=\"2018-09-14T15:10:57+00:00\"><span>Eyl\u00fcl 14, 2018<\/span><\/time><\/div>\r\n\t\t\t\t\t\t\t<h2 class=\"related_post_title\"><a href=\"https:\/\/gizagears.com\/?p=3229\">Traditional feel in the kitchen<\/a><\/h2>\r\n\t\t\t\t\t\t<\/div>\r\n\t\t\t\t\t\t\r\n\t\t\t\t\t<\/article>\r\n\r\n\t                \r\n\t                \t            \r\n\t\t\t\t\t<article class=\"small-12 medium-6 large-3 related-post cell has-post-thumbnail\">\r\n\r\n\t\t\t\t\t\t\t\t\t\t\t\t\t<div class=\"entry-thumbnail\">\r\n\t\t\t\t\t\t\t\t<div class=\"entry-meta\">\r\n\t\t\t\t\t\t\t\t\t<time class=\"entry-date published\" datetime=\"2018-09-10T14:55:15+00:00\"><span>Eyl\u00fcl 10, 2018<\/span><\/time>\t\t\t\t\t\t\t\t<\/div>\r\n\t\t\t\t\t\t\t\t<a class=\"related_post_image\" href=\"https:\/\/gizagears.com\/?p=3220\">\r\n\t\t\t\t\t\t\t\t\t\t\t\t\t\t\t\t\t\t\t<div class=\"image-holder prllx\" data-prllx=\"35\">\r\n\t\t\t\t\t\t\t\t\t\t\t\t\t\t\t\t\t\t\t<img loading=\"lazy\" decoding=\"async\" width=\"1024\" height=\"640\" src=\"https:\/\/gizagears.com\/wp-content\/uploads\/2018\/10\/blog-img02.jpg\" class=\"attachment-large size-large wp-post-image\" alt=\"\" \/>\t\t\t\t\t\t\t\t\t<\/div>\r\n\t\t\t\t\t\t\t\t\t<img loading=\"lazy\" decoding=\"async\" width=\"150\" height=\"94\" src=\"https:\/\/gizagears.com\/wp-content\/uploads\/2018\/10\/blog-img02.jpg\" class=\"attachment-thumbnail size-thumbnail wp-post-image\" alt=\"\" \/>\t\t\t\t\t\t\t\t<\/a>\r\n\t\t\t\t\t\t\t\t\r\n\t\t\t\t\t\t\t<\/div>\r\n\t\t\t\t\t\t\r\n\t\t\t\t\t\t<div class=\"related_post_content\">\r\n\t\t\t\t\t\t\t<div class=\"entry-meta\"><time class=\"entry-date published\" datetime=\"2018-09-10T14:55:15+00:00\"><span>Eyl\u00fcl 10, 2018<\/span><\/time><\/div>\r\n\t\t\t\t\t\t\t<h2 class=\"related_post_title\"><a href=\"https:\/\/gizagears.com\/?p=3220\">How to choose a sofa color for your living room<\/a><\/h2>\r\n\t\t\t\t\t\t<\/div>\r\n\t\t\t\t\t\t\r\n\t\t\t\t\t<\/article>\r\n\r\n\t                \r\n\t            \r\n\t\t\t\t<\/div>\r\n\t\t\t<\/div>\r\n\r\n    <\/div>\r\n\t\r\n\t[\/vc_column][\/vc_row]<\/p>\n<\/div>","protected":false},"excerpt":{"rendered":"<p>[vc_row][vc_column][rev_slider_vc alias=&#8221;product-showcase&#8221;][vc_empty_space][\/vc_column][\/vc_row][vc_row][vc_column css_animation=&#8221;none&#8221;][vc_empty_space height=&#8221;40px&#8221;][\/vc_column][\/vc_row][vc_row][vc_column css_animation=&#8221;none&#8221;][vc_custom_heading text=&#8221;Featured Products&#8221; font_container=&#8221;tag:h3|text_align:center&#8221; use_theme_fonts=&#8221;yes&#8221; css_animation=&#8221;none&#8221; css=&#8221;.vc_custom_1540710096501{margin-bottom: 0px !important;}&#8221;][vc_column_text css_animation=&#8221;none&#8221;] Featured pharetra est nec ligula efficitur\u2026<\/p>\n","protected":false},"author":1,"featured_media":0,"parent":3488,"menu_order":0,"comment_status":"closed","ping_status":"closed","template":"","meta":{"footnotes":""},"class_list":["post-3658","page","type-page","status-publish","hentry"],"acf":[],"_links":{"self":[{"href":"https:\/\/gizagears.com\/index.php?rest_route=\/wp\/v2\/pages\/3658","targetHints":{"allow":["GET"]}}],"collection":[{"href":"https:\/\/gizagears.com\/index.php?rest_route=\/wp\/v2\/pages"}],"about":[{"href":"https:\/\/gizagears.com\/index.php?rest_route=\/wp\/v2\/types\/page"}],"author":[{"embeddable":true,"href":"https:\/\/gizagears.com\/index.php?rest_route=\/wp\/v2\/users\/1"}],"replies":[{"embeddable":true,"href":"https:\/\/gizagears.com\/index.php?rest_route=%2Fwp%2Fv2%2Fcomments&post=3658"}],"version-history":[{"count":0,"href":"https:\/\/gizagears.com\/index.php?rest_route=\/wp\/v2\/pages\/3658\/revisions"}],"up":[{"embeddable":true,"href":"https:\/\/gizagears.com\/index.php?rest_route=\/wp\/v2\/pages\/3488"}],"wp:attachment":[{"href":"https:\/\/gizagears.com\/index.php?rest_route=%2Fwp%2Fv2%2Fmedia&parent=3658"}],"curies":[{"name":"wp","href":"https:\/\/api.w.org\/{rel}","templated":true}]}}